 f(a)?
1
Let w = 206 + 27. What is the tens digit of w?
3
Suppose 58*y = -59*y + 26*y + 1732640. What is the tens digit of y?
4
Let g = 12 - 6. Suppose 5*h - q - 549 = 0, 4*h - g*h + 219 = -q. Let a = h - 17. What is the units digit of a?
3
Let d(l) = 4*l + 20. Let o be d(5). Let g = -38 + o. Suppose -232 = -g*p + 3*s - 68, -84 = -p + 2*s. What is the units digit of p?
6
Suppose -106*k + 28*k = -1813890. What is the units digit of k?
5
Suppose -4*c + 15 = -3*k + 93, 0 = c + 3. Suppose k*b - 3432 = 9*b. What is the hundreds digit of b?
2
Let h = -94 - -96. Suppose -4*v = 4, 1049 = -4*b + 7*b - h*v. What is the tens digit of b?
4
Let x(u) = 3 - 13*u**2 + 19 - u**3 - 13*u + 10. Let i be x(-13). Let w = i + -134. What is the units digit of w?
7
Suppose 0 = -60*u - 28*u + 62392. What is the units digit of u?
9
Let u(t) = 2*t**2 + t + 18. Let a be u(21). Suppose 6*l - 3*l = a. Let z = l - 204. What is the units digit of z?
3
Suppose 0 = -37*f + 180*f - 544973. What is the thousands digit of f?
3
Suppose -3*f + 27 = 0, 22388 = 5*y - 13*f + 10*f. What is the hundreds digit of y?
4
Let b(z) = -z**2 - 131*z + 6182. What is the hundreds digit of b(0)?
1
Suppose 5*j + z - 19628 = 0, 0 = -0*j + 4*j + z - 15702. What is the hundreds digit of j?
9
Let z = 1026 + 5919. What is the hundreds digit of z?
9
Suppose g - 5*d + 1757 = 0, -2*g - d + 6*d = 3514. Let r = 2736 + g. What is the hundreds digit of r?
9
Suppose -96 = -2*t - p, -3*t + 172 - 39 = -4*p. Let w = t + -42. Suppose w*s + 16 = 331. What is the units digit of s?
3
Suppose c - v + 5*v + 1353 = 0, 0 = -5*v. What is the hundreds digit of (1*-4)/(10 - (-13552)/c)?
2
Suppose 0 = 6*p - 3*p + 5*v - 631, -838 = -4*p - 5*v. Suppose 0*i - 5*h - 217 = -2*i, -3*i + 283 = h. Let j = p - i. What is the tens digit of j?
1
Suppose h + 5*q - 1870 = -4*h, -2*q = 5*h - 1870. Suppose -4*f - 400 = 320. Let b = f + h. What is the tens digit of b?
9
Let n = 21246 - -3362. What is the tens digit of n?
0
Suppose 5*y - 184759 = -4*p, -60786 = 8*y - p - 356356. What is the thousands digit of y?
6
Suppose -4*q + 4262 = 5*b, -q + 4*b + 594 + 461 = 0. What is the units digit of q?
3
Let g(m) = -3*m**2 + 17*m - 1. Let b be g(6). What is the units digit of 60/35 - 2 - 681/b?
7
Let h = 331 + -239. What is the units digit of h - (1 - (8 - 6))?
3
Suppose -m + 2 = -1. Suppose -76 = -2*y + m*y. Let c = 163 + y. What is the units digit of c?
7
Let l(k) = -4*k + 1. Let p be l(-2). Suppose 32 = -w + p*w. Suppose -w*z = 4*j - 107 - 57, 2*j + 82 = 2*z. What is the tens digit of z?
4
Let f(a) = 2*a**3 + 2*a**2 + a + 2. Let d be f(0). Suppose -d*u - 2*q + 1901 = 3*u, -2*q = 3*u - 1143. What is the hundreds digit of u?
3
Let d = 70748 - 50262. What is the ten thousands digit of d?
2
Let g(c) = 79*c + 133. Let m(y) = -y**2 - 20*y - 91. Let n be m(-12). What is the units digit of g(n)?
8
Let o(k) = 26*k + 25. Let c = 72 + -67. What is the tens digit of o(c)?
5
Suppose -6*q - 26 = -8*q - 4*k, 4*k = 3*q + 11. Suppose m + 30 = -q*r, 3*m + 210 = -2*m - 3*r. What is the hundreds digit of (-4)/30 - 5676/m?
1
Let w = -107 + 176. Suppose 13*r + w = 16*r. Let u = 44 - r. What is the tens digit of u?
2
What is the units digit of (183*3156/(-72))/(3/(-6))?
3
Suppose -2*n + 6215 = f, 3*f = -13*n + 16*n + 18663. What is the thousands digit of f?
6
Let h be (5 + 1)*8/6. Let f(n) = n**3 - 9*n**2 + 9*n - 4. Let y be f(h). What is the units digit of ((-6)/y)/(3/(-108))?
4
Let v = 6333 - -1484. What is the units digit of v?
7
Suppose 2*b + 2*b = 0, -3099 = -3*t + 2*b. Suppose 3*w - 1287 = -3*r, -4*r + 673 + t = 2*w. Let y = r - 217. What is the hundreds digit of y?
2
Let m(y) = -47*y**2 - 4*y + 4. Let b be m(3). What is the hundreds digit of 9/(-18)*b*2?
4
Let l = -38 + 39. Suppose l = -4*k - 3*d + 7, 3*d = 3*k + 6. Suppose k*m - 2*m = -3*t - 83, -m + t = -39. What is the units digit of m?
4
Let w(c) = 0 + 3 - 2*c**2 + 4 + 10*c**3 - 17*c**3. What is the hundreds digit of w(-4)?
4
Let m = 58378 - 30576. What is the units digit of m?
2
Let w(k) = 6*k**2 - 61*k + 9. Let x be w(10). Let o(i) = 18*i**2 + 2*i + 1. What is the tens digit of o(x)?
1
Let t = -1726 - -3996. What is the tens digit of t?
7
Suppose -291*l + 438544 = -586649. What is the hundreds digit of l?
5
Suppose -22 = -7*f + 13. Suppose 4*j + f*w = 23, 9*w - 4*w = 15. Suppose -j*k + 131 = 3*v + 36, -5*v = -k - 141. What is the units digit of v?
9
Let i be 46/((-546)/(-77) - 7). What is the units digit of (i/(-4) + -2)/((-63)/126)?
7
Let k be 5/((-6 + 11)/(-20)). Let m(y) = -7*y - 37. What is the units digit of m(k)?
3
Suppose -g = -884*t + 889*t - 435940, -3*g = 4*t - 348763. What is the ten thousands digit of t?
8
Let c = -38031 + 39742. What is the hundreds digit of c?
7
Let j = 11744 - 5680. What is the hundreds digit of j?
0
Let d be -15*(-2 + 8 + -5). What is the units digit of d/45 - (-4)/3?
1
Suppose 0 = -2*f - 5*s - 1302 + 10403, f - 2*s - 4528 = 0. What is the hundreds digit of f?
5
Let c(q) = 51*q**2 + q - 39. What is the tens digit of c(-12)?
9
Suppose -5*j - 5*c + 48570 = 0, -21*c + 20*c = 5*j - 48550. What is the units digit of j?
9
Let r(s) = -215*s - 2119. What is the thousands digit of r(-151)?
0
Let k = 21051 - 14764. What is the thousands digit of k?
6
Let q(o) = -39390*o - 602. What is the ten thousands digit of q(-1)?
3
Suppose 0*f - 2*f + 406 = 0. What is the units digit of ((-610)/70 - -7)/((-2)/f)?
4
Suppose 115*d - 649860 = 458510. What is the thousands digit of d?
9
Suppose -16*h + 97756 = -1033076. What is the tens digit of h?
7
Suppose -7*i + 2*m + 79311 + 146439 = 0, -2*i + 4*m = -64524. What is the thousands digit of i?
2
Suppose 3*x - 2*j - 41156 = 0, 10*x - 3*j = 7*x + 41157. What is the units digit of x?
8
Suppose 0 = -265*g + 267*g - 10. Suppose -3*n - x = 66 - 684, 5*n = g*x + 1010. What is the hundreds digit of n?
2
What is the units digit of (((-33)/11)/((-3)/2))/((-88)/(-1160940))?
5
Suppose 24675 = 17*y - 468. Suppose 5*h - y = 1436. What is the units digit of h?
3
Let x(u) = 3*u**3 + 19*u**2 + 5*u + 15. Let w be x(-12). Let r = w - -3580. What is the thousands digit of r?
1
What is the hundreds digit of (468/65)/(-18)*-13705?
4
Suppose 8*i - 47138 - 6134 = 0. What is the thousands digit of i?
6
Let q(z) = -96*z - 3 - 210*z + 20*z - 37*z. Let y be q(9). What is the hundreds digit of (y/10)/(3/(-2))?
1
Suppose 0 = -u + 3*d - 1643 + 7664, -6027 = -u + 4*d. What is the tens digit of u?
0
Let k = 334 + -329. Suppose 329 = k*y - 4146. What is the tens digit of y?
9
Suppose p - 440 - 833 = -g, 0 = 5*p - 4*g - 6401. Suppose -2*s - k + 600 = -37, 4*s = -k + p. What is the hundreds digit of s?
3
Let f be ((-3)/2)/(((-117)/1590)/13). Suppose f*h + 2817 = 268*h. What is the units digit of h?
9
Let p = 21 - 21. Suppose -2*f - f + g - 14 = p, 5*g = 25. What is the hundreds digit of (-102 - (2 + f))/(0 - 1)?
1
Let f = 46728 + -16137. What is the hundreds digit of f?
5
Let t = 251 - 550. Let s = 178 + t. What is the units digit of s/(-4) + 7/(-56)*2?
0
Let q(s) = -s**3 - 3*s**2 + 9*s. Let g be q(-5). Suppose -3*k + 1091 + 238 = -4*v, -g*k = -v - 2232. What is the tens digit of k?
4
Suppose -4*h + 0*h = 0. Suppose -g = -2*j + 8, j - 3*g = 2*j + 10. Suppose -d - 3 = h, 2*d + j*d = -u - 1. What is the tens digit of u?
1
What is the units digit of 2 + (-2 - -3) + (15124 - (1 + -7))?
3
Suppose 268387 = 3925*g - 3902*g. What is the hundreds digit of g?
6
Let j = 30 - -4. Suppose -j - 29 = -3*i. Suppose 7*t + i = 770. What is the tens digit of t?
0
Suppose -4*d + 1907 = 1923. Let g(i) = 40*i**2 + 3*i + 11. What is the hundreds digit of g(d)?
6
Suppose -8*p + 2842 + 98046 = -99728. What is the hundreds digit of p?
0
Let r(k) = 114*k**2 + 40*k**2 + 3*k**2 - 44 + 21*k - 6*k**2. What is the tens digit of r(2)?
0
Suppose 2231*s - 2252*s + 655284 = 0. What is the hundreds digit of s?
2
Let u = 10942 + -4212. What is the units digit of u?
0
Let f(t) = -t**3 + 14*t**2 - 4*t - 10. Let a(i) = 25*i - 2. Let r be a(1). Let d = -10 + r. What is the units digit of f(d)?
7
Let r(q) = -48*q - 27. Let s(m) = 97*m + 55. Let i(w) = -9*r(w) - 4*s(w). What is the tens digit of i(6)?
8
Suppose -85272 = 69*n - 86*n. What is the hundreds digit of n?
0
Suppose 6 = 2*n, -3*o - 4*n = -7711 + 76. What is the hu